8 - 4. Suppose -7 - 17 = -3*s. What is the greatest common factor of s and z?
4
Suppose 2 = 4*z - 2*z. Let c be (z/3)/(2/150). Let u = c - 15. Calculate the highest common divisor of u and 10.
10
Let h be 2/(-4)*1*-4. Let l(w) = -w - 4*w - 3*w + w**3 - 9 + 6*w**2 + h*w**2. Let a be l(-7). What is the greatest common divisor of 12 and a?
12
Let x = 21 - 9. Suppose 16 = 2*p + 2*p. Let y = p + x. What is the highest common factor of 32 and y?
16
Let x = -16 - -34. Calculate the highest common factor of x and 198.
18
Let j(a) = a + 4. Let o be j(-6). Let w be (19 - (o + 4)) + 3. What is the highest common divisor of w and 5?
5
Let s = -60 + 86. Let x = -42 + 94. Calculate the greatest common divisor of x and s.
26
Let b = 45 - 67. Let w = b + 37. Calculate the highest common divisor of w and 5.
5
Let d(r) be the second derivative of -1/20*r**5 + 0 - 1/6*r**3 + 1/12*r**4 + 2*r + 0*r**2. Let g be d(-2). What is the highest common factor of g and 35?
7
Suppose -t = 3*t - 52. Let c(l) = -3*l**3 + 2*l**2 - 1. Let o be c(-1). Let g(f) = 12*f + 4. Let h be g(o). What is the greatest common factor of t and h?
13
Let r = 9 + -4. Suppose r*m - 15 = 2*m. Suppose -3*t = -4*s - 1 - 0, m*t - 19 = -2*s. Calculate the greatest common factor of 6 and s.
2
Let o be 32 - (-2 - 1/(-1)). Suppose -20 = -5*w + 35. Calculate the highest common factor of w and o.
11
Let r = -77 - -142. Suppose 0 = 2*c - r - 5. Calculate the greatest common divisor of 7 and c.
7
Suppose -3*a + 2*a + 136 = -5*s, -5*a = 4*s - 622. Suppose 574 = 4*h + a. Let p be ((-18)/(-4))/(7/h). Calculate the highest common divisor of 9 and p.
9
Suppose -21*a - 168 = -28*a. Calculate the highest common divisor of a and 3.
3
Let u be (18/(-27))/((-2)/33). Suppose -n - 5*p + 1 = 0, -2*n + 2*p - 4 = -6*n. Calculate the greatest common divisor of u and n.
1
Suppose -4*r + 276 = 3*m, -4*r + 12 = -0*r. Let h = m + -46. What is the greatest common divisor of h and 105?
21
Let b be (-2)/(-4)*(-294)/(-3). Let a = 57 + -32. Let g = b - a. Calculate the highest common divisor of 60 and g.
12
Let g = -2 + 6. Suppose 3*s + 0 - 9 = -2*q, 5*s - 34 = 3*q. Suppose 0 = g*d - s*d + 11. What is the greatest common divisor of d and 1?
1
Let j(x) = 24*x + 12. Let w be j(16). What is the highest common divisor of w and 36?
36
Let b = -1 - -25. What is the highest common factor of b and 120?
24
Let y = -6 - 6. Let o(f) = -f - 7. Let l be o(y). Suppose d - 2 = 0, 1 = -4*v + l*v - 2*d. What is the greatest common factor of v and 55?
5
Let v be 3/5 + (-2112)/(-80). Calculate the greatest common divisor of 18 and v.
9
Suppose 1 + 4 = -z. Let p be 6/z*(-5)/2. Let h(i) = -i**3 + 11*i**2 + 3*i - 9. Let c be h(11). What is the highest common factor of p and c?
3
Suppose 4*a - 16 = -0*a, -5*a - 268 = -2*n. Suppose -88 = -b + n. What is the highest common divisor of b and 29?
29
Suppose 0 = 2*v - 9 - 29. What is the highest common divisor of 114 and v?
19
Let s be ((-3)/1)/(1 + -2). Suppose -w + s = 2*w. What is the highest common factor of w and 4?
1
Let c(f) = -f**3 - 14*f**2 + 14*f + 6. Let h be c(-15). Let z(x) = 4*x - 1. Let q be z(2). Calculate the highest common factor of h and q.
7
Let z be (-8 - -4) + (24 - 3). What is the highest common factor of 34 and z?
17
Suppose q + 0 + 3 = -w, -5*w + 2*q = -20. What is the greatest common divisor of 3 and w?
1
Let p be (-4)/6*108/(-4). Suppose 0 = d - p - 6. What is the highest common factor of d and 60?
12
Let m(r) = 3*r**2 + r - 1. Let i = -12 + 10. Let z be m(i). Let k = -3 - -12. Calculate the greatest common divisor of z and k.
9
Suppose s - 199 = -45. Suppose 0 = -m - 2*m + w + 61, 2*m = w + 39. Calculate the greatest common factor of m and s.
22
Let d be 8/(2 + 0)*1. Suppose 3*k = 7*k - d. Calculate the highest common factor of k and 9.
1
Let f = 56 + -112. Let v be 2 + -1 - f - 2. Calculate the highest common factor of 11 and v.
11
Let s(k) = -2 + 5*k - k**2 + 2*k**2 + 2*k - 2*k**2. Let y be s(5). What is the highest common factor of y and 1?
1
Let k(c) = 3*c. Let w be k(2). Let f = w - 7. Let t(d) = -5*d. Let r be t(f). What is the highest common divisor of r and 5?
5
Suppose 0 = 4*i - k - 17 - 8, 2*i + 4*k = 26. Calculate the highest common factor of i and 56.
7
Let g be 6/18 + (-11)/(-3). Let x be (4/2)/((-2)/g). Let f = -2 - x. What is the highest common divisor of 2 and f?
2
Let v be ((-8)/(-3))/((-2)/(-6)). Let m be 2 + -1 - 4/(-1). Suppose m*u = 2*u + 264. Calculate the greatest common divisor of v and u.
8
Suppose 3*a = -4*w - w + 60, 5*w - 5*a = 60. Suppose x = -4*x + 20. Suppose 0 = -x*h - h + 60. Calculate the greatest common divisor of w and h.
12
Suppose 31 + 1 = 4*g. Let c(m) = 19*m**2 - 3*m + 2. Let y be c(2). Calculate the highest common divisor of g and y.
8
Let r(c) = 13*c + 6. Let y(m) = -25*m - 11. Let q(j) = 5*r(j) + 3*y(j). Let l be q(-3). Calculate the greatest common divisor of l and 9.
9
Let t be (-8 - (-2)/2)/(-1). Let j(h) = -4*h - 18. Let q be j(-8). Calculate the highest common factor of t and q.
7
Suppose 2*x - 6 = 0, 78 = 2*p + 4*x - 24. Suppose 3*y = 5*l + 9, 2*l + 9 = l + 3*y. Suppose 3*h - 6 - 9 = l. What is the greatest common factor of p and h?
5
Let w be (2 - 5)/(-2 - -1). Suppose 2*x - w*r = -9, -4*x + r = 2*r - 3. Suppose x = -2*u - 2*u + 96. Calculate the greatest common factor of 16 and u.
8
Let a be (-4)/26 + (-880)/(-143). What is the highest common divisor of 42 and a?
6
Suppose 4*j - 134 = -2*w, -3*j + 2*w + 123 = -w. What is the highest common divisor of 9 and j?
9
Let y(f) = 6*f**2 - 3*f - 1. Let a be y(-2). Let v = a - 12. Calculate the greatest common divisor of 119 and v.
17
Suppose 0 = o - 4 + 1. Let g(b) = 0*b - 2*b - 4 - b**o - 3*b**2 - 3*b + b**2. Let x be g(-3). What is the greatest common divisor of x and 4?
4
Suppose 5*z + 24 = z. Let l be (-17 - 1)*10/z. Suppose 62*j + 30 = 65*j. What is the highest common divisor of l and j?
10
Let x = 24 - 5. What is the greatest common factor of x and 209?
19
Let c be (2/5)/(1/5)*1. Suppose -2*d = -4*d. Let b(l) = -l + 18. Let f be b(d). What is the greatest common factor of c and f?
2
Let y = -5 - -2. Let f be (-34)/y - 4/(-6). Let o = -9 + 15. What is the greatest common factor of f and o?
6
Suppose 0*a = 4*a - 16. Let m be (-1)/(146/72 + -2). Let b be m*(-1 - 0)*1. Calculate the greatest common factor of a and b.
4
Suppose 0 = -2*k + y - 2*y + 45, -5*y = -15. Suppose -2*s = 1 - 15. What is the greatest common factor of s and k?
7
Let q be (-13 + -2)/(2 + -3). Suppose -2*c - c + 15 = 0. Suppose 0 = -c*d + 2*z + 144, -5*z - 111 = -4*d - 6. Calculate the highest common factor of q and d.
15
Let z be 2/(4/(-11))*-2. Suppose -3*d + 2420 = d. Suppose -3*a = 2*a - d. Calculate the highest common factor of z and a.
11
Let x be ((-12)/(-7))/((-14)/(-147)). Calculate the highest common factor of 144 and x.
18
Suppose -5*y + 48 = -4*y. Let u be (-315)/2*y/(-60). Calculate the greatest common divisor of u and 14.
14
Let j be 48/28 - (-4)/14. Suppose -j*b - b + 33 = 0. Calculate the greatest common factor of 77 and b.
11
Let l(t) = -t**3 - 2*t**2 + t - 4. Let g be l(-4). Calculate the greatest common factor of g and 3.
3
Suppose -5*j + 36 = 4*n - 40, 3*n - 3*j = 30. What is the highest common divisor of 14 and n?
14
Suppose g = 3*q - 48, -5*q - 4*g + 46 = -3*q. Suppose -85 = 3*z - 8*z. What is the highest common factor of z and q?
17
Suppose k + q - 136 = 0, -k + 71 = 2*q - 65. What is the highest common divisor of k and 17?
17
Let i(k) = k**2 + 9*k + 10. Let v be i(-8). Let m be 6/v + 3*12. What is the greatest common factor of m and 26?
13
Let g be 0 + 4 - 3 - (1 - 20). Calculate the highest common divisor of 12 and g.
4
Suppose -4*v - 3*s + 4 = -7, 3*s + 34 = 5*v. Suppose 3*q - v*q + 216 = 0. What is the greatest common factor of q and 12?
12
Suppose 7*g + 60 = 2*g. Let v = g + 20. Calculate the greatest common factor of v and 12.
4
Let d = 46 - 15. Suppose -83 = -5*b - 2*a, -b - a + d = 3*a. Let p(n) = n**3 - 2*n**2 - 2*n + 2. Let o be p(3). What is the greatest common factor of b and o?
5
Suppose -4*j = -4*o - 96, 0 = -5*j + 4*j + 5*o + 20. Let v be 11/(11/27) - 2/1. What is the greatest common factor of v and j?
25
Let v = -20 + 33. Suppose -4 = -2*o - 5*w + v, -2*o = -2*w - 52. Calculat